n base 9, what is 32518477 - 0?
32518477
In base 16, what is -1b8d + -907c?
-ac09
In base 8, what is 26 + 220467370?
220467416
In base 5, what is -434 + 100231110?
100230121
In base 9, what is -8 + -5082827?
-5082836
In base 2, what is 1001001011100011 - -10100011?
1001001110000110
In base 11, what is -3132225 - 3?
-3132228
In base 12, what is 2 + 3855605?
3855607
In base 9, what is 132 - -10312?
10444
In base 16, what is 304 + 443b?
473f
In base 6, what is -122 + -2213420400?
-2213420522
In base 5, what is 232142 - 300?
231342
In base 12, what is 59 + 1b53a?
1b597
In base 11, what is -191a4 - 5735?
-23929
In base 14, what is -9535792 - 2?
-9535794
In base 7, what is -3 - 24155443?
-24155446
In base 8, what is 1001166 + 4163?
1005351
In base 10, what is 921 - -110051?
110972
In base 4, what is -213 - -30211201110?
30211200231
In base 16, what is -1d7f55 - 4?
-1d7f59
In base 7, what is 30206353 + 313?
30206666
In base 3, what is -2201 + 20111020211?
20111011010
In base 12, what is 90a7467 - -2?
90a7469
In base 11, what is -71a076 - 146?
-71a211
In base 11, what is -5 + -8872439?
-8872443
In base 2, what is -1001010110010101101000101 + -10?
-1001010110010101101000111
In base 14, what is 13936 - -115?
13a4b
In base 9, what is 2047151 - -365?
2047526
In base 15, what is -33 - b77?
-baa
In base 7, what is -5 - 116014355?
-116014363
In base 16, what is -687a4 + 5?
-6879f
In base 15, what is ac4ed + -4?
ac4e9
In base 11, what is -838a7 - 19a?
-83a96
In base 11, what is 4 - 245775?
-245771
In base 9, what is 604 + -1140427?
-1138723
In base 4, what is -231220003 + 211130?
-231002213
In base 12, what is 0 - 11b470b?
-11b470b
In base 5, what is -11002122414 - -12?
-11002122402
In base 15, what is -93dcc4 + -25?
-93dce9
In base 3, what is 1000002022020 + -2?
1000002022011
In base 11, what is -1538 - 182964?
-1843a1
In base 4, what is -330210130 - -11?
-330210113
In base 16, what is 1a - -41fec?
42006
In base 11, what is -15 + -a65930?
-a65945
In base 7, what is -620305415 + -20?
-620305435
In base 5, what is -322330 - -133010?
-134320
In base 16, what is 12 + -500b3?
-500a1
In base 10, what is -4820467 - -1?
-4820466
In base 10, what is -1237 - -8?
-1229
In base 6, what is -1 + -502204510?
-502204511
In base 12, what is 49 - -5ab20?
5ab69
In base 9, what is -12354 - -327?
-12026
In base 14, what is 61651 + -18?
61637
In base 9, what is 8250568043 + 0?
8250568043
In base 11, what is -24492 + 10a?
-24383
In base 11, what is 4154 + -27?
4128
In base 6, what is 143 + 104441545?
104442132
In base 2, what is -101 - -111000001101111000110?
111000001101111000001
In base 9, what is 5 + 3307055?
3307061
In base 16, what is 2 + b10e3b?
b10e3d
In base 16, what is -50ef4 - 3f8?
-512ec
In base 8, what is -4 - 74442557?
-74442563
In base 14, what is 3 + 61a344?
61a347
In base 6, what is 355 - 240024?
-235225
In base 9, what is 0 + -7271213?
-7271213
In base 11, what is 9012aa - 5a?
901250
In base 7, what is -4105 + 31065?
23660
In base 8, what is -4 + -247136602?
-247136606
In base 5, what is -1210304101104 - 3?
-1210304101112
In base 11, what is 7 + 2391936?
2391942
In base 12, what is 200 - 22714?
-22514
In base 11, what is -7a - 121a6?
-12275
In base 10, what is -23206327 - 0?
-23206327
In base 8, what is -7137362 - 6?
-7137370
In base 8, what is 20442 - -33016?
53460
In base 8, what is -1 - 42452350?
-42452351
In base 12, what is 35b + 15639?
15998
In base 6, what is 12 - -103000123?
103000135
In base 8, what is -337556 - -3667?
-333667
In base 14, what is 1625 + 29d?
18c4
In base 4, what is -2002 - 2322313113?
-2322321121
In base 10, what is 2176791 - -43?
2176834
In base 2, what is 1001010 - 1000000000101111?
-111111111100101
In base 7, what is -5444 - 21153?
-26630
In base 9, what is 10470 - -2800?
13370
In base 9, what is 1272 + 31516?
32788
In base 16, what is 243887 + -31?
243856
In base 5, what is 401200101 - 0?
401200101
In base 5, what is -30 - -24043041?
24043011
In base 4, what is 1332100101122 + -11?
1332100101111
In base 10, what is -512 + -18219?
-18731
In base 13, what is 5 - -381a0c?
381a14
In base 15, what is -3980 + -150?
-3ad0
In base 9, what is -21214 + -1520?
-22734
In base 2, what is 1001 + -110010001100100101110011?
-110010001100100101101010
In base 3, what is -2 + 100002120021222100?
100002120021222021
In base 11, what is -2408511 - 4?
-2408515
In base 16, what is -9c917 - -37?
-9c8e0
In base 13, what is -5b2b - c87?
-6ab5
In base 2, what is -1 + 10111010101011010010100?
10111010101011010010011
In base 4, what is -1200201 + 10301?
-1123300
In base 15, what is -9 + 525eeb7?
525eead
In base 4, what is -1103 - 102122313?
-102130022
In base 5, what is -142130 + 3003?
-134122
In base 13, what is 3 - 17ac140?
-17ac13a
In base 13, what is 86129 - -b9?
86215
In base 14, what is -3a7a + -2d4?
-3d70
In base 5, what is -10 + -122222433410?
-122222433420
In base 6, what is 5224150 - -301?
5224451
In base 9, what is -20 - -266806?
266776
In base 2, what is 1111001101100100111 - 111?
1111001101100100000
In base 13, what is -1696 + 7c?
-1617
In base 8, what is 247 - 1271600?
-1271331
In base 11, what is -14005264 + 5?
-1400525a
In base 9, what is -3 + -226365472?
-226365475
In base 14, what is -2 - -128c415?
128c413
In base 6, what is 5 - -1502010403?
1502010412
In base 13, what is -92 + -45a17?
-45aa9
In base 4, what is -101120 + -131331003?
-132032123
In base 14, what is 13 + -66a9?
-6696
In base 4, what is -1 + -31221301303233?
-31221301303300
In base 7, what is -4 + -662514100?
-662514104
In base 4, what is -20112 + -133032313?
-133113031
In base 15, what is -3 + -155849?
-15584c
In base 9, what is -5637 + -22018?
-27656
In base 6, what is -22 - 502210023?
-502210045
In base 16, what is aa38d2c - -3?
aa38d2f
In base 16, what is 80c5c58 + -4?
80c5c54
In base 11, what is -2 - 11993642?
-11993644
In base 6, what is 120445 + -1001?
115444
In base 7, what is -4 + 1303130315?
1303130311
In base 15, what is -15427c0 + -5?
-15427c5
In base 14, what is -17 - -b9362?
b9349
In base 6, what is -11 + 440432504?
440432453
In base 14, what is 91232 + 35?
91267
In base 6, what is 1045301344 + 2?
1045301350
In base 9, what is 871578 - 15?
871563
In base 16, what is -82e1f - -313?
-82b0c
In base 12, what is 6 - -27a466?
27a470
In base 10, what is 2085609 - -9?
2085618
In base 14, what is 1d4 - 6a9a?
-68a6
In base 13, what is 233c69 + -47?
233c22
In base 13, what is 1261 + 11cc4?
13255
In base 9, what is -57 + 1010658?
1010601
In base 13, what is -17513 + -52?
-17565
In base 14, what is -82cd6b + -d?
-82cd7a
In base 11, what is -1857700 + 3?
-18576a8
In base 7, what is -5 + -62510543?
-62510551
In base 13, what is -1 + 6726455?
6726454
In base 9, what is 1334726 - 1207?
1333518
In base 11, what is -25a5784 - -10?
-25a5774
In base 3, what is -21100 + -1010002210?
-1010101010
In base 13, what is -178820 - -b?
-178812
In base 10, what is 4 - -1245870?
1245874
In base 14, what is -3 - -dcdc77?
dcdc74
In base 10, what is -4068 - 1589?
-5657
In base 10, what is 37399604 + -2?
37399602
In base 3, what is 10 + -11201201012?
-11201201002
In base 2, what is -11110110111010100110 - 1110?
-11110110111010110100
In base 10, what is 930184 + -4?
930180
In base 7, what is 2 - -13252205306?
13252205311
In base 10, what is 20 - -10568618?
10568638
In base 10, what is -31 + 708035?
708004
In base 16, what is -37c4c9 + -1a?
-37c4e3
In base 6, what is 41203222414 + 3?
41203222421
In base 10, what is 1 - 44489471?
-44489470
In base 8, what is 4 + -75076546?
-75076542
In base 2, what is 101011101 + -10101000110100?
-10100011010111
In base 10, what is -24560772 + 3?
-24560769
In base 5, what is -130404240 + -1?
-130404241
In base 12, what is 0 + 8473b77?
8473b77
In base 16, what is 0 - 358cfc7?
-358cfc7
In base 8, what is -3 + 10437201?
10437176
In base 16, what is 293ddd - -f?
293dec
In base 16, what is 39236 - 2e?
39208
In base 9, what is -4687620 - -6?
-4687613
In base 2, what is -1011010010 + 101001000100010010?
101000111001000000
In base 3, what is -11020101000 - 112120?
-11020220120
In base 8, what is -3 - 1673435240?
-1673435243
In base 8, what is 2101 - -7146?
11247
In base 6, what is 2035015053 - -1?
2035015054
In base 15, what is 15d3247 - 7?
15d3240
In base 5, what is -120 - -10